{"id":3306,"date":"2026-01-04T17:56:48","date_gmt":"2026-01-04T14:56:48","guid":{"rendered":"https:\/\/leadyapi.com.tr\/?post_type=product&#038;p=3306"},"modified":"2026-01-04T17:56:48","modified_gmt":"2026-01-04T14:56:48","slug":"megazemin-kur-z201","status":"publish","type":"product","link":"https:\/\/leadyapi.com.tr\/index.php\/urun\/megazemin-kur-z201\/","title":{"rendered":"MegaZemin K\u00fcr Z201"},"content":{"rendered":"","protected":false},"excerpt":{"rendered":"<div class=\"flex_column av-5pk0dz-a0288c79feb905fe3bc464912b4425d2 av_one_half  avia-builder-el-2  el_after_av_one_third  el_before_av_two_third  flex_column_div  \">\n<section class=\"av_textblock_section av-mgkm71vo-042d1ac82493de0d8d775ccdb85bacd1 \">\n<div class=\"avia_textblock\">\n<p><strong>Akrilik polimer em\u00fclsiyon esasl\u0131, taze beton \u00fczerine uygulanan, olu\u015fturdu\u011fu film tabakas\u0131 sayesinde suyu betonun b\u00fcnyesinde tutarak, dayan\u0131m\u0131n sa\u011fl\u0131kl\u0131 bir \u015fekilde geli\u015fmesini sa\u011flayan, h\u0131zl\u0131 kurumay\u0131 \u00f6nleyerek r\u00f6tre \u00e7atlaklar\u0131n\u0131 engelleyen tek bile\u015fenli k\u00fcr malzemesidir.<\/strong><\/p>\n<\/div>\n<\/section>\n<\/div>\n<div class=\"flex_column av-4nhc93-0af87b84f0141b7bcda102236b087e44 av_two_third  avia-builder-el-5  el_after_av_one_half  el_before_av_one_third  first flex_column_div  column-top-margin\">\n<section class=\"av_textblock_section av-mgkm7ig0-76c589c25d025c026e7c351a22f24baf \">\n<div class=\"avia_textblock\">\n<h4><span id=\"\u00fcr\u00fcn-avantajlari\"><\/span>\u00a0 \u00a0 \u00dcR\u00dcN AVANTAJLARI<\/h4>\n<\/div>\n<\/section>\n<section class=\"av_textblock_section av-mgkm85vb-2d6329c3ab3ae727b6b8bc3d313c09db \">\n<div class=\"avia_textblock\">\n<ul>\n<li>Solvent esasl\u0131 k\u00fcr malzemelerinin kullan\u0131lamad\u0131\u011f\u0131 i\u00e7 mekanlarda kullan\u0131ma elveri\u015flidir.<\/li>\n<li>Betonun hedef mukavemetine ula\u015fmas\u0131na yard\u0131mc\u0131 olur.<\/li>\n<li>Suyu betonun b\u00fcnyesinde tutarak r\u00f6treyi engeller.<\/li>\n<li>Y\u00fczeyin a\u015f\u0131nma direncini art\u0131rd\u0131\u011f\u0131 i\u00e7in tozumay\u0131 engeller.<\/li>\n<li>Kullan\u0131ma haz\u0131rd\u0131r, h\u0131zl\u0131 ve kolay uygulan\u0131r.<\/li>\n<\/ul>\n<\/div>\n<\/section>\n<\/div>\n<div class=\"flex_column av-2rcx7r-1cbbe56d3c92dd8c20eb64835d802930 av_one_third  avia-builder-el-8  el_after_av_two_third  el_before_av_toggle_container  flex_column_div  column-top-margin\">\n<section class=\"av_textblock_section av-mgkm8gtp-a518a6866271bf0726927fc3d02bb3cf \">\n<div class=\"avia_textblock\">\n<h4><span id=\"teknik-belgeler\"><\/span>TEKN\u0130K BELGELER<\/h4>\n<\/div>\n<\/section>\n<section class=\"av_textblock_section av-mgkm8mog-558e22d2779ae9ce0eb2567795aaedc8 \">\n<div class=\"avia_textblock\">\n<p><a class=\"alignnone\" href=\"https:\/\/www.kyk.com.tr\/wp-content\/uploads\/2025\/11\/z201_tds.pdf\" target=\"_blank\" rel=\"noopener\"><img loading=\"lazy\" decoding=\"async\" class=\"alignnone wp-image-8657 size-full\" src=\"https:\/\/www.kyk.com.tr\/wp-content\/uploads\/2025\/10\/TDS_1.jpg\" sizes=\"auto, (max-width: 410px) 100vw, 410px\" srcset=\"https:\/\/www.kyk.com.tr\/wp-content\/uploads\/2025\/10\/TDS_1.jpg 410w, https:\/\/www.kyk.com.tr\/wp-content\/uploads\/2025\/10\/TDS_1-300x30.jpg 300w\" alt=\"\" width=\"410\" height=\"41\" \/><\/a><br \/>\n<a class=\"alignnone\" href=\"https:\/\/www.kyk.com.tr\/wp-content\/uploads\/2025\/05\/z201_msds.pdf\" target=\"_blank\" rel=\"noopener\"><img loading=\"lazy\" decoding=\"async\" class=\"alignnone size-full wp-image-8656\" src=\"https:\/\/www.kyk.com.tr\/wp-content\/uploads\/2025\/10\/MSDS_1.jpg\" sizes=\"auto, (max-width: 410px) 100vw, 410px\" srcset=\"https:\/\/www.kyk.com.tr\/wp-content\/uploads\/2025\/10\/MSDS_1.jpg 410w, https:\/\/www.kyk.com.tr\/wp-content\/uploads\/2025\/10\/MSDS_1-300x30.jpg 300w\" alt=\"\" width=\"410\" height=\"41\" \/><\/a><br \/>\n<a class=\"alignnone\" href=\"https:\/\/www.kyk.com.tr\/?sdm_process_download=1&amp;download_id=9416\" target=\"_blank\" rel=\"noopener\"><img loading=\"lazy\" decoding=\"async\" class=\"alignnone size-full wp-image-8656\" src=\"https:\/\/www.kyk.com.tr\/wp-content\/uploads\/2025\/10\/CE.jpg\" alt=\"\" width=\"410\" height=\"41\" \/><\/a><\/p>\n<\/div>\n<\/section>\n<\/div>\n","protected":false},"featured_media":3308,"comment_status":"open","ping_status":"closed","template":"","meta":[],"product_brand":[142],"product_cat":[144],"product_tag":[],"class_list":{"0":"post-3306","1":"product","2":"type-product","3":"status-publish","4":"has-post-thumbnail","6":"product_brand-kyk-yapi-kimyasallari","7":"product_cat-zemin-malzemeleri","9":"first","10":"instock","11":"shipping-taxable","12":"product-type-simple"},"_links":{"self":[{"href":"https:\/\/leadyapi.com.tr\/index.php\/wp-json\/wp\/v2\/product\/3306","targetHints":{"allow":["GET"]}}],"collection":[{"href":"https:\/\/leadyapi.com.tr\/index.php\/wp-json\/wp\/v2\/product"}],"about":[{"href":"https:\/\/leadyapi.com.tr\/index.php\/wp-json\/wp\/v2\/types\/product"}],"replies":[{"embeddable":true,"href":"https:\/\/leadyapi.com.tr\/index.php\/wp-json\/wp\/v2\/comments?post=3306"}],"wp:featuredmedia":[{"embeddable":true,"href":"https:\/\/leadyapi.com.tr\/index.php\/wp-json\/wp\/v2\/media\/3308"}],"wp:attachment":[{"href":"https:\/\/leadyapi.com.tr\/index.php\/wp-json\/wp\/v2\/media?parent=3306"}],"wp:term":[{"taxonomy":"product_brand","embeddable":true,"href":"https:\/\/leadyapi.com.tr\/index.php\/wp-json\/wp\/v2\/product_brand?post=3306"},{"taxonomy":"product_cat","embeddable":true,"href":"https:\/\/leadyapi.com.tr\/index.php\/wp-json\/wp\/v2\/product_cat?post=3306"},{"taxonomy":"product_tag","embeddable":true,"href":"https:\/\/leadyapi.com.tr\/index.php\/wp-json\/wp\/v2\/product_tag?post=3306"}],"curies":[{"name":"wp","href":"https:\/\/api.w.org\/{rel}","templated":true}]}}